{"id":665,"date":"2025-01-14T19:50:23","date_gmt":"2025-01-14T18:50:23","guid":{"rendered":"http:\/\/sylrenov65.fr\/?page_id=665"},"modified":"2025-01-17T12:38:47","modified_gmt":"2025-01-17T11:38:47","slug":"politique-de-confidentialites","status":"publish","type":"page","link":"https:\/\/sylrenov65.fr\/index.php\/politique-de-confidentialites\/","title":{"rendered":"Politique de confidentialit\u00e9s"},"content":{"rendered":"\t\t<div data-elementor-type=\"wp-page\" data-elementor-id=\"665\" class=\"elementor elementor-665\">\n\t\t\t\t<div class=\"elementor-element elementor-element-1d86e70 e-flex e-con-boxed e-con e-parent\" data-id=\"1d86e70\" data-element_type=\"container\" data-e-type=\"container\">\n\t\t\t\t\t<div class=\"e-con-inner\">\n\t\t\t\t<div class=\"elementor-element elementor-element-a88bbe3 elementor-widget elementor-widget-text-editor\" data-id=\"a88bbe3\" data-element_type=\"widget\" data-e-type=\"widget\" data-widget_type=\"text-editor.default\">\n\t\t\t\t<div class=\"elementor-widget-container\">\n\t\t\t\t\t\t\t\t\t<h1><strong>Politique de Confidentialit\u00e9<\/strong><\/h1><p><strong>Derni\u00e8re mise \u00e0 jour :<\/strong> 15\/01\/2025<\/p><p>La confidentialit\u00e9 de vos donn\u00e9es personnelles est une priorit\u00e9 pour <strong>SylRenov 65<\/strong>. Cette politique explique quelles informations nous collectons, pourquoi nous les collectons, comment nous les utilisons, et vos droits concernant vos donn\u00e9es.<\/p><p>En naviguant sur notre site <strong><a href=\"http:\/\/www.sylrenov65.fr\" target=\"_new\" rel=\"noopener\">www.sylrenov65.fr<\/a><\/strong>, vous acceptez les pratiques d\u00e9crites dans cette politique.<\/p><hr \/><h2><strong>1. Identit\u00e9 du responsable de traitement<\/strong><\/h2><p>Le site est \u00e9dit\u00e9 par :<\/p><ul><li><strong>SylRenov 65<\/strong><\/li><li><strong>Statut juridique :<\/strong> Entrepreneur individuel<\/li><li><strong>SIRET :<\/strong> 45077275100076<\/li><li><strong>Adresse :<\/strong> 17 Rue du Foulon, 65000 Tarbes, France<\/li><li><strong>E-mail :<\/strong> <a rel=\"noopener\">contact@sylrenov65.fr<\/a><\/li><\/ul><p>Le responsable de traitement des donn\u00e9es personnelles est <strong>Sylvain Karz<\/strong>, en sa qualit\u00e9 de dirigeant.<\/p><hr \/><h2><strong>2. Donn\u00e9es collect\u00e9es<\/strong><\/h2><p>Nous collectons et traitons les donn\u00e9es suivantes :<\/p><h3><strong>a) Donn\u00e9es fournies par l\u2019utilisateur<\/strong><\/h3><ul><li><strong>Nom et pr\u00e9nom<\/strong><\/li><li><strong>Num\u00e9ro de t\u00e9l\u00e9phone<\/strong><\/li><li><strong>Adresse e-mail<\/strong><\/li><\/ul><p>Ces donn\u00e9es sont g\u00e9n\u00e9ralement collect\u00e9es via notre formulaire de contact.<\/p><h3><strong>b) Donn\u00e9es collect\u00e9es automatiquement<\/strong><\/h3><p>Lorsque vous naviguez sur notre site, nous collectons automatiquement :<\/p><ul><li>Votre adresse IP<\/li><li>Les pages consult\u00e9es<\/li><li>La dur\u00e9e de la visite<\/li><li>Des informations sur votre navigateur et votre appareil<\/li><\/ul><p>Ces donn\u00e9es sont collect\u00e9es \u00e0 l\u2019aide de cookies. Pour plus d\u2019informations, consultez notre <a href=\"#\" rel=\"noopener\">Politique de Cookies<\/a>.<\/p><hr \/><h2><strong>3. Finalit\u00e9s du traitement<\/strong><\/h2><p>Les donn\u00e9es collect\u00e9es sont utilis\u00e9es pour les finalit\u00e9s suivantes :<\/p><ul><li>R\u00e9pondre \u00e0 vos demandes via le formulaire de contact<\/li><li>Am\u00e9liorer notre site et ses fonctionnalit\u00e9s<\/li><li>Analyser la fr\u00e9quentation du site gr\u00e2ce \u00e0 Google Analytics<\/li><\/ul><p>Nous ne collectons pas de donn\u00e9es sensibles au sens du RGPD.<\/p><hr \/><h2><strong>4. Base l\u00e9gale du traitement<\/strong><\/h2><p>Conform\u00e9ment au RGPD, le traitement de vos donn\u00e9es personnelles repose sur :<\/p><ul><li><strong>Votre consentement<\/strong> : Pour les cookies et le formulaire de contact.<\/li><li><strong>L\u2019int\u00e9r\u00eat l\u00e9gitime<\/strong> : Pour l\u2019analyse statistique de l\u2019utilisation du site.<\/li><\/ul><hr \/><h2><strong>5. Partage des donn\u00e9es<\/strong><\/h2><p>Vos donn\u00e9es ne sont pas partag\u00e9es avec des tiers, sauf dans les cas suivants :<\/p><ul><li><strong>Google Analytics :<\/strong> pour l\u2019analyse de la fr\u00e9quentation du site (donn\u00e9es anonymis\u00e9es).<\/li><li>Obligations l\u00e9gales : en cas de demande des autorit\u00e9s comp\u00e9tentes.<\/li><\/ul><hr \/><h2><strong>6. Conservation des donn\u00e9es<\/strong><\/h2><ul><li>Les donn\u00e9es fournies via le formulaire de contact sont conserv\u00e9es pendant <strong>1 an<\/strong> \u00e0 compter de leur collecte.<\/li><li>Les donn\u00e9es collect\u00e9es via les cookies sont conserv\u00e9es pour une dur\u00e9e maximale de <strong>13 mois<\/strong>.<\/li><\/ul><hr \/><h2><strong>7. Vos droits<\/strong><\/h2><p>Conform\u00e9ment au RGPD, vous disposez des droits suivants :<\/p><h3><strong>a) Acc\u00e8s et rectification<\/strong><\/h3><p>Vous pouvez demander \u00e0 acc\u00e9der aux donn\u00e9es personnelles que nous d\u00e9tenons sur vous et demander leur correction si elles sont inexactes.<\/p><h3><strong>b) Opposition et suppression<\/strong><\/h3><p>Vous pouvez vous opposer au traitement de vos donn\u00e9es ou demander leur suppression dans certains cas.<\/p><h3><strong>c) Portabilit\u00e9<\/strong><\/h3><p>Vous avez le droit de recevoir vos donn\u00e9es dans un format structur\u00e9 et lisible par machine.<\/p><h3><strong>d) R\u00e9clamation<\/strong><\/h3><p>Si vous estimez que vos droits ne sont pas respect\u00e9s, vous pouvez d\u00e9poser une r\u00e9clamation aupr\u00e8s de la <strong>CNIL<\/strong> (<a href=\"http:\/\/www.cnil.fr\" target=\"_new\" rel=\"noopener\">www.cnil.fr<\/a>).<\/p><hr \/><h2><strong>8. S\u00e9curit\u00e9 des donn\u00e9es<\/strong><\/h2><p>Nous mettons en \u0153uvre des mesures techniques et organisationnelles pour prot\u00e9ger vos donn\u00e9es contre tout acc\u00e8s non autoris\u00e9, perte ou divulgation.<\/p><hr \/><h2><strong>9. Modifications de cette politique<\/strong><\/h2><p>Cette politique de confidentialit\u00e9 peut \u00eatre mise \u00e0 jour \u00e0 tout moment pour refl\u00e9ter des changements dans nos pratiques ou dans la r\u00e9glementation en vigueur. Nous vous invitons \u00e0 la consulter r\u00e9guli\u00e8rement.<\/p><hr \/><h2><strong>10. Contact<\/strong><\/h2><p>Pour toute question relative \u00e0 cette politique ou \u00e0 l\u2019exercice de vos droits, vous pouvez nous contacter :<\/p><ul><li><strong>Par e-mail :<\/strong> <a rel=\"noopener\">contact@sylrenov65.fr<\/a><\/li><li><strong>Par courrier :<\/strong> SylRenov 65, 17 Rue du Foulon, 65000 Tarbes, France<\/li><\/ul>\t\t\t\t\t\t\t\t<\/div>\n\t\t\t\t<\/div>\n\t\t\t\t\t<\/div>\n\t\t\t\t<\/div>\n\t\t\t\t<\/div>\n\t\t","protected":false},"excerpt":{"rendered":"<p>Politique de Confidentialit\u00e9 Derni\u00e8re mise \u00e0 jour : 15\/01\/2025 La confidentialit\u00e9 de vos donn\u00e9es personnelles est une priorit\u00e9 pour SylRenov 65. Cette politique explique quelles [&hellip;]<\/p>\n","protected":false},"author":1,"featured_media":0,"parent":0,"menu_order":0,"comment_status":"closed","ping_status":"closed","template":"page-templates\/page_front-page.php","meta":{"footnotes":""},"class_list":["post-665","page","type-page","status-publish","hentry"],"yoast_head":"<!-- This site is optimized with the Yoast SEO plugin v27.3 - https:\/\/yoast.com\/product\/yoast-seo-wordpress\/ -->\n<title>Politique de confidentialit\u00e9s - Sylrenov65<\/title>\n<meta name=\"robots\" content=\"noindex, nofollow\" \/>\n<meta property=\"og:locale\" content=\"fr_FR\" \/>\n<meta property=\"og:type\" content=\"article\" \/>\n<meta property=\"og:title\" content=\"Politique de confidentialit\u00e9s - Sylrenov65\" \/>\n<meta property=\"og:description\" content=\"Politique de Confidentialit\u00e9 Derni\u00e8re mise \u00e0 jour : 15\/01\/2025 La confidentialit\u00e9 de vos donn\u00e9es personnelles est une priorit\u00e9 pour SylRenov 65. Cette politique explique quelles [&hellip;]\" \/>\n<meta property=\"og:url\" content=\"https:\/\/sylrenov65.fr\/index.php\/politique-de-confidentialites\/\" \/>\n<meta property=\"og:site_name\" content=\"Sylrenov65\" \/>\n<meta property=\"article:publisher\" content=\"https:\/\/www.facebook.com\/people\/SylRenov-65\/61565232421447\/?utm_source=gmb\" \/>\n<meta property=\"article:modified_time\" content=\"2025-01-17T11:38:47+00:00\" \/>\n<meta property=\"og:image\" content=\"https:\/\/sylrenov65.fr\/wp-content\/uploads\/2025\/01\/cropped-Design-sans-titre-7-1.png\" \/>\n\t<meta property=\"og:image:width\" content=\"512\" \/>\n\t<meta property=\"og:image:height\" content=\"512\" \/>\n\t<meta property=\"og:image:type\" content=\"image\/png\" \/>\n<meta name=\"twitter:card\" content=\"summary_large_image\" \/>\n<meta name=\"twitter:label1\" content=\"Dur\u00e9e de lecture estim\u00e9e\" \/>\n\t<meta name=\"twitter:data1\" content=\"3 minutes\" \/>\n<script type=\"application\/ld+json\" class=\"yoast-schema-graph\">{\"@context\":\"https:\\\/\\\/schema.org\",\"@graph\":[{\"@type\":\"WebPage\",\"@id\":\"https:\\\/\\\/sylrenov65.fr\\\/index.php\\\/politique-de-confidentialites\\\/\",\"url\":\"https:\\\/\\\/sylrenov65.fr\\\/index.php\\\/politique-de-confidentialites\\\/\",\"name\":\"Politique de confidentialit\u00e9s - Sylrenov65\",\"isPartOf\":{\"@id\":\"https:\\\/\\\/sylrenov65.fr\\\/#website\"},\"datePublished\":\"2025-01-14T18:50:23+00:00\",\"dateModified\":\"2025-01-17T11:38:47+00:00\",\"breadcrumb\":{\"@id\":\"https:\\\/\\\/sylrenov65.fr\\\/index.php\\\/politique-de-confidentialites\\\/#breadcrumb\"},\"inLanguage\":\"fr-FR\",\"potentialAction\":[{\"@type\":\"ReadAction\",\"target\":[\"https:\\\/\\\/sylrenov65.fr\\\/index.php\\\/politique-de-confidentialites\\\/\"]}]},{\"@type\":\"BreadcrumbList\",\"@id\":\"https:\\\/\\\/sylrenov65.fr\\\/index.php\\\/politique-de-confidentialites\\\/#breadcrumb\",\"itemListElement\":[{\"@type\":\"ListItem\",\"position\":1,\"name\":\"Accueil\",\"item\":\"https:\\\/\\\/sylrenov65.fr\\\/\"},{\"@type\":\"ListItem\",\"position\":2,\"name\":\"Politique de confidentialit\u00e9s\"}]},{\"@type\":\"WebSite\",\"@id\":\"https:\\\/\\\/sylrenov65.fr\\\/#website\",\"url\":\"https:\\\/\\\/sylrenov65.fr\\\/\",\"name\":\"Sylrenov65\",\"description\":\"Plaquiste &amp; peintre\",\"publisher\":{\"@id\":\"https:\\\/\\\/sylrenov65.fr\\\/#organization\"},\"potentialAction\":[{\"@type\":\"SearchAction\",\"target\":{\"@type\":\"EntryPoint\",\"urlTemplate\":\"https:\\\/\\\/sylrenov65.fr\\\/?s={search_term_string}\"},\"query-input\":{\"@type\":\"PropertyValueSpecification\",\"valueRequired\":true,\"valueName\":\"search_term_string\"}}],\"inLanguage\":\"fr-FR\"},{\"@type\":\"Organization\",\"@id\":\"https:\\\/\\\/sylrenov65.fr\\\/#organization\",\"name\":\"Sylrenov65\",\"url\":\"https:\\\/\\\/sylrenov65.fr\\\/\",\"logo\":{\"@type\":\"ImageObject\",\"inLanguage\":\"fr-FR\",\"@id\":\"https:\\\/\\\/sylrenov65.fr\\\/#\\\/schema\\\/logo\\\/image\\\/\",\"url\":\"https:\\\/\\\/sylrenov65.fr\\\/wp-content\\\/uploads\\\/2025\\\/01\\\/cropped-Design-sans-titre-7-1.png\",\"contentUrl\":\"https:\\\/\\\/sylrenov65.fr\\\/wp-content\\\/uploads\\\/2025\\\/01\\\/cropped-Design-sans-titre-7-1.png\",\"width\":512,\"height\":512,\"caption\":\"Sylrenov65\"},\"image\":{\"@id\":\"https:\\\/\\\/sylrenov65.fr\\\/#\\\/schema\\\/logo\\\/image\\\/\"},\"sameAs\":[\"https:\\\/\\\/www.facebook.com\\\/people\\\/SylRenov-65\\\/61565232421447\\\/?utm_source=gmb\"]}]}<\/script>\n<!-- \/ Yoast SEO plugin. -->","yoast_head_json":{"title":"Politique de confidentialit\u00e9s - Sylrenov65","robots":{"index":"noindex","follow":"nofollow"},"og_locale":"fr_FR","og_type":"article","og_title":"Politique de confidentialit\u00e9s - Sylrenov65","og_description":"Politique de Confidentialit\u00e9 Derni\u00e8re mise \u00e0 jour : 15\/01\/2025 La confidentialit\u00e9 de vos donn\u00e9es personnelles est une priorit\u00e9 pour SylRenov 65. Cette politique explique quelles [&hellip;]","og_url":"https:\/\/sylrenov65.fr\/index.php\/politique-de-confidentialites\/","og_site_name":"Sylrenov65","article_publisher":"https:\/\/www.facebook.com\/people\/SylRenov-65\/61565232421447\/?utm_source=gmb","article_modified_time":"2025-01-17T11:38:47+00:00","og_image":[{"width":512,"height":512,"url":"https:\/\/sylrenov65.fr\/wp-content\/uploads\/2025\/01\/cropped-Design-sans-titre-7-1.png","type":"image\/png"}],"twitter_card":"summary_large_image","twitter_misc":{"Dur\u00e9e de lecture estim\u00e9e":"3 minutes"},"schema":{"@context":"https:\/\/schema.org","@graph":[{"@type":"WebPage","@id":"https:\/\/sylrenov65.fr\/index.php\/politique-de-confidentialites\/","url":"https:\/\/sylrenov65.fr\/index.php\/politique-de-confidentialites\/","name":"Politique de confidentialit\u00e9s - Sylrenov65","isPartOf":{"@id":"https:\/\/sylrenov65.fr\/#website"},"datePublished":"2025-01-14T18:50:23+00:00","dateModified":"2025-01-17T11:38:47+00:00","breadcrumb":{"@id":"https:\/\/sylrenov65.fr\/index.php\/politique-de-confidentialites\/#breadcrumb"},"inLanguage":"fr-FR","potentialAction":[{"@type":"ReadAction","target":["https:\/\/sylrenov65.fr\/index.php\/politique-de-confidentialites\/"]}]},{"@type":"BreadcrumbList","@id":"https:\/\/sylrenov65.fr\/index.php\/politique-de-confidentialites\/#breadcrumb","itemListElement":[{"@type":"ListItem","position":1,"name":"Accueil","item":"https:\/\/sylrenov65.fr\/"},{"@type":"ListItem","position":2,"name":"Politique de confidentialit\u00e9s"}]},{"@type":"WebSite","@id":"https:\/\/sylrenov65.fr\/#website","url":"https:\/\/sylrenov65.fr\/","name":"Sylrenov65","description":"Plaquiste &amp; peintre","publisher":{"@id":"https:\/\/sylrenov65.fr\/#organization"},"potentialAction":[{"@type":"SearchAction","target":{"@type":"EntryPoint","urlTemplate":"https:\/\/sylrenov65.fr\/?s={search_term_string}"},"query-input":{"@type":"PropertyValueSpecification","valueRequired":true,"valueName":"search_term_string"}}],"inLanguage":"fr-FR"},{"@type":"Organization","@id":"https:\/\/sylrenov65.fr\/#organization","name":"Sylrenov65","url":"https:\/\/sylrenov65.fr\/","logo":{"@type":"ImageObject","inLanguage":"fr-FR","@id":"https:\/\/sylrenov65.fr\/#\/schema\/logo\/image\/","url":"https:\/\/sylrenov65.fr\/wp-content\/uploads\/2025\/01\/cropped-Design-sans-titre-7-1.png","contentUrl":"https:\/\/sylrenov65.fr\/wp-content\/uploads\/2025\/01\/cropped-Design-sans-titre-7-1.png","width":512,"height":512,"caption":"Sylrenov65"},"image":{"@id":"https:\/\/sylrenov65.fr\/#\/schema\/logo\/image\/"},"sameAs":["https:\/\/www.facebook.com\/people\/SylRenov-65\/61565232421447\/?utm_source=gmb"]}]}},"_links":{"self":[{"href":"https:\/\/sylrenov65.fr\/index.php\/wp-json\/wp\/v2\/pages\/665","targetHints":{"allow":["GET"]}}],"collection":[{"href":"https:\/\/sylrenov65.fr\/index.php\/wp-json\/wp\/v2\/pages"}],"about":[{"href":"https:\/\/sylrenov65.fr\/index.php\/wp-json\/wp\/v2\/types\/page"}],"author":[{"embeddable":true,"href":"https:\/\/sylrenov65.fr\/index.php\/wp-json\/wp\/v2\/users\/1"}],"replies":[{"embeddable":true,"href":"https:\/\/sylrenov65.fr\/index.php\/wp-json\/wp\/v2\/comments?post=665"}],"version-history":[{"count":4,"href":"https:\/\/sylrenov65.fr\/index.php\/wp-json\/wp\/v2\/pages\/665\/revisions"}],"predecessor-version":[{"id":813,"href":"https:\/\/sylrenov65.fr\/index.php\/wp-json\/wp\/v2\/pages\/665\/revisions\/813"}],"wp:attachment":[{"href":"https:\/\/sylrenov65.fr\/index.php\/wp-json\/wp\/v2\/media?parent=665"}],"curies":[{"name":"wp","href":"https:\/\/api.w.org\/{rel}","templated":true}]}}